{"id":3274,"date":"2021-11-03T15:50:34","date_gmt":"2021-11-03T15:50:34","guid":{"rendered":"https:\/\/trenipovjen.al\/?page_id=3274"},"modified":"2021-11-04T09:57:00","modified_gmt":"2021-11-04T09:57:00","slug":"rules","status":"publish","type":"page","link":"https:\/\/treni.al\/?page_id=3274&lang=en","title":{"rendered":"Rules"},"content":{"rendered":"\n\n\t\t\t\t<img loading=\"lazy\" decoding=\"async\" src=\"https:\/\/trenipovjen.al\/wp-content\/uploads\/2021\/10\/foto-siguria-rregullat_1.jpg\" alt=\"foto siguria rregullat_1\" itemprop=\"image\" height=\"550\" width=\"1320\" title=\"foto siguria rregullat_1\" onerror=\"this.style.display='none'\"  \/>\n\t\t\t\t<img loading=\"lazy\" decoding=\"async\" src=\"https:\/\/trenipovjen.al\/wp-content\/uploads\/2021\/11\/mobifoto-siguria-rregullat.jpg\" alt=\"mobifoto siguria rregullat\" itemprop=\"image\" height=\"550\" width=\"1000\" title=\"mobifoto siguria rregullat\" onerror=\"this.style.display='none'\"  \/>\n\t\n\t\t\t\t<img decoding=\"async\" src=\"https:\/\/trenipovjen.al\/wp-content\/uploads\/2021\/08\/black_red_logotrenipovjen.png\" alt=\"black_red_logotrenipovjen\" title=\"black_red_logotrenipovjen\" itemprop=\"image\"\/>\n\t\t\t<h3>RESPEKTONI RREGULLAT SE MUND T&#8217;JU SHP\u00cbTOJN\u00cb JET\u00cbN!<\/h3>\t\t\t\n\t\t\t\t<p>Kur kap\u00ebrceni shinat e trenit sigurohuni t\u00eb kryeni k\u00ebto veprime:<\/p>\n\t\t<h3>Ndalo<\/h3>\t\t\t\n\t\t\t\t<p>kur shikon dritat q\u00eb pulsojn\u00eb dhe d\u00ebgjon kumbimin e ziles. Q\u00ebndro pas vij\u00ebs s\u00eb bardh\u00eb.<\/p>\n\t\t<h3>Prit<\/h3>\t\t\t\n\t\t\t\t<p>n\u00ebse sinjalet vazhdojn\u00eb edhe pasi treni ka ikur, nj\u00eb tjet\u00ebr tren mund t\u00eb kaloj\u00eb p\u00ebrs\u00ebri.<\/p>\n\t\t<h3>Kalo<\/h3>\t\t\t\n\t\t\t\t<p>vet\u00ebm kur sinjalet nd\u00ebrpriten dhe hapen pengesat.<\/p>\n\t\t\t\t<img decoding=\"async\" src=\"https:\/\/trenipovjen.al\/wp-content\/uploads\/2021\/08\/black_red_logotrenipovjen.png\" alt=\"black_red_logotrenipovjen\" title=\"black_red_logotrenipovjen\" itemprop=\"image\"\/>\n\t\t<h3>Rregulla gjat\u00eb kalimit t\u00eb kryq\u00ebzimit hekurudhor<\/h3>\t\t\t\n\t\t\t<h3>P\u00ebr K\u00cbMB\u00cbSOR\u00cbT<\/h3>\n\t\t\t\n<p>P\u00ebrq\u00ebndrohu! Nd\u00ebrprit telefonat, muzik\u00ebn e bisedat! Ndalo, shiko dhe d\u00ebgjo! Respektoni shenjat dhe sinalet! Kontrollot\u00eb dy an\u00ebt para se t\u00eb kalosh, n\u00ebse sheh nj\u00eb tren q\u00eb vjen, MOS KALO! Kupto sinjalistik\u00ebn shenjat, dritat, barrierat dhe alarmet! Kalo shpejt duke mbajtur f\u00ebmij\u00ebt n\u00eb kontroll dhe kafsh\u00ebt t\u00eb lidhura!<\/p>\n\n<ul>\n<li><strong>Tundimi<\/strong>\u00a0&#8211; \u00cbsht\u00eb josh\u00ebse t\u00eb kap\u00ebrceni apo anashkaloni barrierat n\u00eb vend q\u00eb t\u00eb prisni trenin t\u00eb kaloj\u00eb.<br \/>Mos e b\u00ebni, rrezikon jet\u00ebn.<\/li>\n<li><strong>Supozimi<\/strong>\u00a0&#8211; Mos supozoni se ka vet\u00ebm nj\u00eb tren ose mos mendoni se nuk kalon treni n\u00eb k\u00ebt\u00eb or\u00eb. Treni mund t\u00eb vij\u00eb nga \u00e7do drejtim e n\u00eb \u00e7do koh\u00eb.<\/li>\n<li><strong>Kafsh\u00ebt<\/strong>\u00a0&#8211; N\u00ebse qeni ju shp\u00ebton nga kontrolli dhe vrapon drejt shinave, mos vraponi pas tij.<\/li>\n<li><strong>Shp\u00ebrq\u00ebndrimi<\/strong> &#8211; \u00ebsht\u00eb e leht\u00eb t\u00eb shp\u00ebrqendrohesh, sidomos nga telefonat, muzika dhe biseda. N\u00ebse jeni n\u00eb grup mos mendoni se dikush tjet\u00ebr po sigurohet p\u00ebr ju<\/li>\n<\/ul>\n\t\t<img decoding=\"async\" src=\"https:\/\/trenipovjen.al\/wp-content\/uploads\/2021\/10\/Asset-12-2.png\" alt=\"\"\/>\n\t\t\t\t<img decoding=\"async\" src=\"https:\/\/trenipovjen.al\/wp-content\/uploads\/2021\/10\/ajkdhs-1-150x150.png\" alt=\"ajkdhs (1)\" title=\"ajkdhs (1)\" itemprop=\"image\"\/>\n\t\t\t\t<h5>P\u00cbR K\u00cbMB\u00cbSOR\u00cbT<\/h5>\n\t\t\t<h3>PER DREJTUESIT E MJETE MOTORRIKE<\/h3>\n\t\t\t\n<p>P\u00ebrgatitu t\u00eb ndalosh p\u00ebpara kryq\u00ebzimit Kupto sinjalistik\u00ebn shenjat, dritat, barrierat dhe alarmet! Ndalo kur sinjalet aktivizohen n\u00ebse nuk keni kaluar vijen STOP\/NOSTOP! Q\u00ebndro pal\u00ebvizur derisa sinjalet t\u00eb ndalojn\u00eb! Kontrollo q\u00eb dalja n\u00eb krahun tjet\u00ebr \u00ebsht\u00eb e lir\u00eb p\u00ebrpara se t\u00eb kaloni matan\u00eb!<\/p>\n\n<ul>\n<li><strong>Tundimi<\/strong>\u00a0&#8211; \u00cbsht\u00eb josh\u00ebse t\u00eb neglizhoni sinjalet, t\u00eb anashkaloni barrierat apo t\u00eb garoni me trenin p\u00ebr t\u00eb arritur m\u00eb par\u00eb n\u00eb kryq\u00ebzim. Mos e b\u00ebj! &#8211; po rrezikon jet\u00ebn.<\/li>\n<li><strong>Supozimi<\/strong>\u00a0&#8211; Mos supozoni se ka vet\u00ebm nj\u00eb tren ose mendoni se nuk kalon tren n\u00eb k\u00ebt\u00eb or\u00eb Trenat mund t\u00eb vijn\u00eb nga secili drejtim dhe n\u00eb \u00e7do koh\u00eb.<\/li>\n<li><strong>Dalja e Bllokuar<\/strong>\u00a0&#8211; \u00ebsht\u00eb \u00e7udit\u00ebrisht e leht\u00eb t\u00eb ngec\u00ebsh mbi shina. Sigurohuni q\u00eb dalja t\u00eb jet\u00eb e lir\u00eb p\u00ebrpara se t\u00eb kaloni kryq\u00ebzimin.<\/li>\n<\/ul>\n\t\t<img decoding=\"async\" src=\"https:\/\/trenipovjen.al\/wp-content\/uploads\/2021\/10\/Asset-12-2-1-1.png\" alt=\"\"\/>\n\t\t\t\t<img decoding=\"async\" src=\"https:\/\/trenipovjen.al\/wp-content\/uploads\/2021\/10\/Asset-9-2-1.png\" alt=\"Asset-9-2 (1)\" title=\"Asset-9-2 (1)\" itemprop=\"image\"\/>\n\t\t\t\t<h5>P\u00cbR DREJTUESIT E MJETEVE MOTORRIKE<\/h5>\n\t\t\t<h3>P\u00cbR BI\u00c7IKLIST\u00cbT<\/h3>\n\t\t\t\n<p>Konsidero t\u00eb zbres\u00ebsh nga bi\u00e7ikleta dhe t\u00eb ec\u00ebsh, ve\u00e7an\u00ebrisht kur do ti kaloni shinat pjerr\u00ebtas! Rrespekto shenjat, rregullat dhe sinjalet! Kontrollo t\u00eb dy an\u00ebt p\u00ebrpara se t\u00eb kalosh! N\u00ebse treni po vjen, mos kalo! Q\u00ebndro derisa t\u00eb ndalojn\u00eb t\u00eb gjitha sinjalet! Sigurohu q\u00eb rruga \u00ebsht\u00eb e lir\u00eb p\u00ebrpara se t\u00eb kalosh!<\/p>\n\n<ul>\n<li><strong>Tundimi<\/strong>\u00a0&#8211; \u00ebsht\u00eb josh\u00ebse t\u00eb kap\u00ebrceni apo anashkaloni barrierat n\u00eb vend q\u00eb t\u00eb prisni trenin t\u00eb kaloj\u00eb. Mos e b\u00ebni, rrezikoni jet\u00ebn.<\/li>\n<li><strong>Supozimi<\/strong>\u00a0&#8211; Mos supozoni se ka vet\u00ebm nj\u00eb tren ose mos mendoni se nuk kalon treni n\u00eb k\u00ebt\u00eb or\u00eb. Treni mund t\u00eb vij\u00eb nga \u00e7do drejtim e n\u00eb \u00e7do koh\u00eb.<\/li>\n<li><strong>Kafsh\u00ebt<\/strong>\u00a0&#8211; Ekziston rreziku i bllokimit t\u00eb rrotave n\u00eb shina, sidomos kur duhet t&#8217;i kaloni shinat pjerrtas. Mund t\u00eb jet\u00eb m\u00eb mir\u00eb t\u00eb zbritni dhe ecni matan\u00eb.<\/li>\n<li><strong>Shp\u00ebrq\u00ebndrimi<\/strong>\u00a0&#8211; \u00ebsht\u00eb e leht\u00eb t\u00eb shp\u00ebrq\u00ebndrohesh, sidomos nga telefoni dhe muzika. N\u00ebse jeni grup, mos mendoni se dikush tjet\u00ebr po sigurohet p\u00ebr ju.<\/li>\n<\/ul>\n\t\t<img decoding=\"async\" src=\"https:\/\/trenipovjen.al\/wp-content\/uploads\/2021\/10\/Asset-13-1-1-1.png\" alt=\"\"\/>\n\t\t\t\t<img decoding=\"async\" src=\"https:\/\/trenipovjen.al\/wp-content\/uploads\/2021\/10\/Asset-10-2-1.png\" alt=\"Asset-10-2 (1)\" title=\"Asset-10-2 (1)\" itemprop=\"image\"\/>\n\t\t\t\t<h5>P\u00cbR BI\u00c7IKLIST\u00cbT<\/h5>\n\n","protected":false},"excerpt":{"rendered":"<p>RESPEKTONI RREGULLAT SE MUND T&#8217;JU SHP\u00cbTOJN\u00cb JET\u00cbN! Kur kap\u00ebrceni shinat e trenit sigurohuni t\u00eb kryeni k\u00ebto veprime: Ndalo kur shikon dritat q\u00eb pulsojn\u00eb dhe d\u00ebgjon kumbimin e ziles. Q\u00ebndro pas vij\u00ebs s\u00eb bardh\u00eb. Prit n\u00ebse sinjalet vazhdojn\u00eb edhe pasi treni ka ikur, nj\u00eb tjet\u00ebr tren mund t\u00eb kaloj\u00eb p\u00ebrs\u00ebri. Kalo vet\u00ebm kur sinjalet nd\u00ebrpriten dhe &hellip;<\/p>\n<p class=\"read-more\"> <a class=\"\" href=\"https:\/\/treni.al\/?page_id=3274&#038;lang=en\"> <span class=\"screen-reader-text\">Rules<\/span> Read More \u00bb<\/a><\/p>\n","protected":false},"author":1,"featured_media":0,"parent":0,"menu_order":0,"comment_status":"closed","ping_status":"closed","template":"","meta":{"footnotes":""},"class_list":["post-3274","page","type-page","status-publish","hentry"],"_links":{"self":[{"href":"https:\/\/treni.al\/index.php?rest_route=\/wp\/v2\/pages\/3274","targetHints":{"allow":["GET"]}}],"collection":[{"href":"https:\/\/treni.al\/index.php?rest_route=\/wp\/v2\/pages"}],"about":[{"href":"https:\/\/treni.al\/index.php?rest_route=\/wp\/v2\/types\/page"}],"author":[{"embeddable":true,"href":"https:\/\/treni.al\/index.php?rest_route=\/wp\/v2\/users\/1"}],"replies":[{"embeddable":true,"href":"https:\/\/treni.al\/index.php?rest_route=%2Fwp%2Fv2%2Fcomments&post=3274"}],"version-history":[{"count":3,"href":"https:\/\/treni.al\/index.php?rest_route=\/wp\/v2\/pages\/3274\/revisions"}],"predecessor-version":[{"id":3371,"href":"https:\/\/treni.al\/index.php?rest_route=\/wp\/v2\/pages\/3274\/revisions\/3371"}],"wp:attachment":[{"href":"https:\/\/treni.al\/index.php?rest_route=%2Fwp%2Fv2%2Fmedia&parent=3274"}],"curies":[{"name":"wp","href":"https:\/\/api.w.org\/{rel}","templated":true}]}}