{"id":2076,"date":"2021-09-13T11:12:07","date_gmt":"2021-09-13T11:12:07","guid":{"rendered":"https:\/\/trenipovjen.al\/?page_id=2076"},"modified":"2025-03-04T11:06:33","modified_gmt":"2025-03-04T11:06:33","slug":"lajme-2","status":"publish","type":"page","link":"https:\/\/treni.al\/?page_id=2076","title":{"rendered":"Lajme"},"content":{"rendered":"\r\n<p><img loading=\"lazy\" decoding=\"async\" title=\"media\" src=\"https:\/\/trenipovjen.al\/wp-content\/uploads\/2021\/10\/media-1.png\" alt=\"media\" width=\"1320\" height=\"550\" \/> <img loading=\"lazy\" decoding=\"async\" title=\"mobifoto kontakt\" src=\"https:\/\/trenipovjen.al\/wp-content\/uploads\/2021\/11\/mobifoto-kontakt.jpg\" alt=\"mobifoto kontakt\" width=\"1000\" height=\"550\" \/> <strong>Platforma online &#8220;Trenipovjen.al&#8221; dhe nd\u00ebrlidhjet e saj me rrjetet sociale ofrojn\u00eb nj\u00eb alternativ\u00eb t\u00eb integruar komunikimi e informimi. Informacionet t\u00eb cilat pasqyrohen n\u00eb platform\u00ebn online shp\u00ebrndahen edhe p\u00ebrmes rrjeteve sociale me synimin p\u00ebr t\u00eb arritur me leht\u00ebsi shikueshm\u00ebrin\u00eb maksimale nga p\u00ebrdoruesit e internetit dhe pal\u00ebt e interesuara.<br \/><\/strong> <img decoding=\"async\" title=\"black_red_logotrenipovjen\" src=\"https:\/\/trenipovjen.al\/wp-content\/uploads\/2021\/08\/black_red_logotrenipovjen.png\" alt=\"black_red_logotrenipovjen\" \/><\/p>\r\n<h3>LAJME<\/h3>\r\n<p><a title=\"Hekurudha Durr\u00ebs-Rinas-Tiran\u00eb: HBMC trajnon 5 OJF-t\u00eb p\u00ebr pun\u00ebn n\u00eb terren\" href=\"https:\/\/trenipovjen.al\/?p=2353\" target=\"_self\" rel=\"noopener\"> <img decoding=\"async\" src=\"https:\/\/trenipovjen.al\/wp-content\/uploads\/2021\/10\/1-300x200.jpg\" alt=\"\" \/> <\/a><\/p>\r\n<h3><a tabindex=\"0\" title=\"Hekurudha Durr\u00ebs-Rinas-Tiran\u00eb: HBMC trajnon 5 OJF-t\u00eb p\u00ebr pun\u00ebn n\u00eb terren\" href=\"https:\/\/trenipovjen.al\/?p=2353\">Hekurudha Durr\u00ebs-Rinas-Tiran\u00eb: HBMC trajnon 5 OJF-t\u00eb p\u00ebr pun\u00ebn n\u00eb terren<\/a><\/h3>\r\n<h5>04.10.2021<\/h5>\r\n<p>HBMC p\u00ebrfundoi faz\u00ebn e trajnimit t\u00eb stafit t\u00eb 5 shoqatave t\u00eb shoq\u00ebris\u00eb civile t\u00eb cil\u00ebt do t\u00eb zhvilloj\u00eb n\u00eb terren fushat\u00ebn informuese p\u00ebr nd\u00ebrgjegj\u00ebsimin e komunitetit dhe grupeve t\u00eb tjera t\u00eb interestit p\u00ebr p\u00ebrfitimet dhe p\u00ebrdorimin e sigurt\u00eb e t\u00eb q\u00ebndruesh\u00ebm t\u00eb transportit hekurudhor. <a role=\"button\" href=\"https:\/\/trenipovjen.al\/?p=2353\" target=\"_self\" rel=\"noopener\" aria-label=\"Me shume\"> Me shume <\/a> <a title=\"Seanca trajnuese p\u00ebr organizatat e shoq\u00ebris\u00eb civile\" href=\"https:\/\/trenipovjen.al\/?p=1144\" target=\"_self\" rel=\"noopener\"> <img decoding=\"async\" src=\"https:\/\/trenipovjen.al\/wp-content\/uploads\/2021\/01\/1-300x200.jpg\" alt=\"\" \/> <\/a><\/p>\r\n<h3><a tabindex=\"0\" title=\"Seanca trajnuese p\u00ebr organizatat e shoq\u00ebris\u00eb civile\" href=\"https:\/\/trenipovjen.al\/?p=1144\">Seanca trajnuese p\u00ebr organizatat e shoq\u00ebris\u00eb civile<\/a><\/h3>\r\n<h5>25.02.2021<\/h5>\r\n<p>N\u00eb datat 23-25 Shkurt, ekspert\u00ebt e HBMC organizuan seanca t\u00eb posa\u00e7me trajnimi me stafin e pes\u00eb prej organizatave t\u00eb shoq\u00ebris\u00eb civile t\u00eb cilat u p\u00ebrzgjodh\u00ebn p\u00ebr tu b\u00ebr\u00eb pjes\u00eb e projektit p\u00ebr fuqizimin e shoq\u00ebris\u00eb civile n\u00eb promovimin e transportit t\u00eb q\u00ebndruesh\u00ebm hekurudhor n\u00eb Shqip\u00ebri. <a role=\"button\" href=\"https:\/\/trenipovjen.al\/?p=1144\" target=\"_self\" rel=\"noopener\" aria-label=\"Me shume\"> Me shume <\/a> <a title=\"Ekspert\u00ebt e HBMC takim prezantues me drejtuesit e Hekurudha Shqiptare sh.a.\" href=\"https:\/\/trenipovjen.al\/?p=1967\" target=\"_self\" rel=\"noopener\"> <img decoding=\"async\" src=\"https:\/\/trenipovjen.al\/wp-content\/uploads\/2021\/02\/1-300x200.jpg\" alt=\"\" \/> <\/a><\/p>\r\n<h3><a tabindex=\"0\" title=\"Ekspert\u00ebt e HBMC takim prezantues me drejtuesit e Hekurudha Shqiptare sh.a.\" href=\"https:\/\/trenipovjen.al\/?p=1967\">Ekspert\u00ebt e HBMC takim prezantues me drejtuesit e Hekurudha Shqiptare sh.a.<\/a><\/h3>\r\n<h5>19.01.2021<\/h5>\r\n<p>Ekipi i ekspert\u00ebve t\u00eb HBMC, konsulentit t\u00eb ngarkuar p\u00ebr zbatimin e projektit mbi forcimin e kapacitetit t\u00eb shoq\u00ebris\u00eb civile p\u00ebr promovimin e transportit t\u00eb q\u00ebndruesh\u00ebm hekurudhor n\u00eb Shqip\u00ebri zhvilloi nj\u00eb takim prezantues me stafin drejtues t\u00eb Hekurudh\u00ebs Shqiptare. <a role=\"button\" href=\"https:\/\/trenipovjen.al\/?p=1967\" target=\"_self\" rel=\"noopener\" aria-label=\"Me shume\"> Me shume <\/a><\/p>\r\n","protected":false},"excerpt":{"rendered":"<p>Platforma online &#8220;Trenipovjen.al&#8221; dhe nd\u00ebrlidhjet e saj me rrjetet sociale ofrojn\u00eb nj\u00eb alternativ\u00eb t\u00eb integruar komunikimi e informimi. Informacionet t\u00eb cilat pasqyrohen n\u00eb platform\u00ebn online shp\u00ebrndahen edhe p\u00ebrmes rrjeteve sociale me synimin p\u00ebr t\u00eb arritur me leht\u00ebsi shikueshm\u00ebrin\u00eb maksimale nga p\u00ebrdoruesit e internetit dhe pal\u00ebt e interesuara. LAJME Hekurudha Durr\u00ebs-Rinas-Tiran\u00eb: HBMC trajnon 5 OJF-t\u00eb p\u00ebr &hellip;<\/p>\n<p class=\"read-more\"> <a class=\"\" href=\"https:\/\/treni.al\/?page_id=2076\"> <span class=\"screen-reader-text\">Lajme<\/span> Read More \u00bb<\/a><\/p>\n","protected":false},"author":1,"featured_media":0,"parent":0,"menu_order":0,"comment_status":"closed","ping_status":"closed","template":"","meta":{"footnotes":""},"class_list":["post-2076","page","type-page","status-publish","hentry"],"_links":{"self":[{"href":"https:\/\/treni.al\/index.php?rest_route=\/wp\/v2\/pages\/2076","targetHints":{"allow":["GET"]}}],"collection":[{"href":"https:\/\/treni.al\/index.php?rest_route=\/wp\/v2\/pages"}],"about":[{"href":"https:\/\/treni.al\/index.php?rest_route=\/wp\/v2\/types\/page"}],"author":[{"embeddable":true,"href":"https:\/\/treni.al\/index.php?rest_route=\/wp\/v2\/users\/1"}],"replies":[{"embeddable":true,"href":"https:\/\/treni.al\/index.php?rest_route=%2Fwp%2Fv2%2Fcomments&post=2076"}],"version-history":[{"count":15,"href":"https:\/\/treni.al\/index.php?rest_route=\/wp\/v2\/pages\/2076\/revisions"}],"predecessor-version":[{"id":3932,"href":"https:\/\/treni.al\/index.php?rest_route=\/wp\/v2\/pages\/2076\/revisions\/3932"}],"wp:attachment":[{"href":"https:\/\/treni.al\/index.php?rest_route=%2Fwp%2Fv2%2Fmedia&parent=2076"}],"curies":[{"name":"wp","href":"https:\/\/api.w.org\/{rel}","templated":true}]}}